{"id":2401,"date":"2014-11-26T14:36:05","date_gmt":"2014-11-26T12:36:05","guid":{"rendered":"http:\/\/www.jetmail.com.tr\/?page_id=2401"},"modified":"2022-10-27T11:16:12","modified_gmt":"2022-10-27T08:16:12","slug":"toplu-mail-ozellikler","status":"publish","type":"page","link":"https:\/\/www.jetmail.com.tr\/index.php\/toplu-mail-ozellikler\/","title":{"rendered":"JetMail &#8211; \u00d6zellikler"},"content":{"rendered":"<p>[vc_row][vc_column][rev_slider_vc alias=&#8221;ozellikler&#8221;][\/vc_column][\/vc_row][vc_row][vc_column][vc_column_text css_animation=&#8221;fadeInUp&#8221;]<\/p>\n<blockquote><p>\u00a0\u0130htiya\u00e7 odakl\u0131 \u00e7\u00f6z\u00fcmleri ile JetMail hedef kitlenize en etkili \u015fekilde ula\u015fman\u0131z\u0131 sa\u011flarken \u00f6l\u00e7\u00fclebilir sonu\u00e7lar\u0131 ile de kampanyan\u0131za y\u00f6n veriyor.<\/p><\/blockquote>\n<p>[\/vc_column_text][\/vc_column][\/vc_row][vc_row][vc_column width=&#8221;1\/4&#8243;][vc_icon icon_fontawesome=&#8221;fa fa-external-link-square&#8221; color=&#8221;violet&#8221; css_animation=&#8221;fadeInLeft&#8221; css=&#8221;.vc_custom_1593010120020{margin-left: -15px !important;}&#8221;][vc_column_text css_animation=&#8221;fadeInUp&#8221; css=&#8221;.vc_custom_1593063205561{margin-top: -40px !important;}&#8221;]<strong>Link T\u0131klanma Takibi<br \/>\n<\/strong>E-Posta kampanyan\u0131z\u0131n i\u00e7ine ekledi\u011finiz bir linke ka\u00e7 ki\u015finin t\u0131klad\u0131\u011f\u0131n\u0131 ve ki\u015filerin mail adreslerini, hem Web hem de API g\u00f6nderimlerinizde raporlayabilirsiniz.[\/vc_column_text][\/vc_column][vc_column width=&#8221;1\/4&#8243;][vc_icon icon_fontawesome=&#8221;fa fa-credit-card-alt&#8221; color=&#8221;violet&#8221; css_animation=&#8221;fadeInLeft&#8221; css=&#8221;.vc_custom_1593010197360{margin-left: -15px !important;}&#8221;][vc_column_text css_animation=&#8221;fadeInUp&#8221; css=&#8221;.vc_custom_1593063211983{margin-top: -40px !important;}&#8221;]<strong>\u00dccretsiz \u015eablon<br \/>\n<\/strong>E-B\u00fcltenleriniz i\u00e7in \u00fccretsiz \u015fablon k\u00fct\u00fcphanesinden faydalanabilirsiniz.[\/vc_column_text][\/vc_column][vc_column width=&#8221;1\/4&#8243;][vc_icon icon_fontawesome=&#8221;fa fa-fighter-jet&#8221; color=&#8221;violet&#8221; css_animation=&#8221;fadeInLeft&#8221; css=&#8221;.vc_custom_1593010230053{margin-left: -15px !important;}&#8221;][vc_column_text css_animation=&#8221;fadeInUp&#8221; css=&#8221;.vc_custom_1593063219183{margin-top: -40px !important;}&#8221;]<strong>H\u0131zl\u0131 Ula\u015f\u0131m<br \/>\n<\/strong>Haz\u0131rlad\u0131\u011f\u0131n\u0131z E-Posta kampanyalar\u0131n\u0131z\u0131 h\u0131zl\u0131 ve g\u00fcvenli \u015fekilde hedef kitlenize ula\u015ft\u0131r\u0131r.[\/vc_column_text][\/vc_column][vc_column width=&#8221;1\/4&#8243;][vc_icon icon_fontawesome=&#8221;fa fa-desktop&#8221; color=&#8221;violet&#8221; css_animation=&#8221;fadeInLeft&#8221; css=&#8221;.vc_custom_1593010262470{margin-left: -15px !important;}&#8221;][vc_column_text css_animation=&#8221;fadeInUp&#8221; css=&#8221;.vc_custom_1593063225887{margin-top: -40px !important;}&#8221;]<strong>Kullan\u0131c\u0131 Dostu Aray\u00fcz<br \/>\n<\/strong>Kolayca y\u00f6netebilen, kullan\u0131c\u0131 dostu aray\u00fcz\u00fc ile E-Posta kampanyalar\u0131n\u0131z\u0131 en etkili \u015fekilde olu\u015fturabilirsiniz.[\/vc_column_text][\/vc_column][\/vc_row][vc_row][vc_column width=&#8221;1\/4&#8243;][vc_icon icon_fontawesome=&#8221;fa fa-credit-card&#8221; color=&#8221;violet&#8221; css_animation=&#8221;fadeInLeft&#8221; css=&#8221;.vc_custom_1593063133784{margin-left: -15px !important;}&#8221;][vc_column_text css_animation=&#8221;fadeInUp&#8221; css=&#8221;.vc_custom_1593063232343{margin-top: -40px !important;}&#8221;]<strong>D\u00fc\u015f\u00fck Maliyetler<br \/>\n<\/strong>Sundu\u011fu taahh\u00fctl\u00fc ve taahh\u00fcts\u00fcz tarife modelleriyle size en uygun paket avantaj\u0131n\u0131 sunar.[\/vc_column_text][\/vc_column][vc_column width=&#8221;1\/4&#8243;][vc_icon icon_fontawesome=&#8221;fa fa-database&#8221; color=&#8221;violet&#8221; css_animation=&#8221;fadeInLeft&#8221; css=&#8221;.vc_custom_1593063112880{margin-left: -15px !important;}&#8221;][vc_column_text css_animation=&#8221;fadeInUp&#8221; css=&#8221;.vc_custom_1593063238247{margin-top: -40px !important;}&#8221;]<strong>Veritaban\u0131 Y\u00f6netimi<br \/>\n<\/strong>Veritaban\u0131n\u0131z\u0131 ilgi alanlar\u0131na g\u00f6re gruplayarak hedef kitlenize do\u011fru pazarlama kampanyalar\u0131 olu\u015fturabilirsiniz.[\/vc_column_text][\/vc_column][vc_column width=&#8221;1\/4&#8243;][vc_icon icon_fontawesome=&#8221;fa fa-envelope&#8221; color=&#8221;violet&#8221; css_animation=&#8221;fadeInLeft&#8221; css=&#8221;.vc_custom_1593063158488{margin-left: -15px !important;}&#8221;][vc_column_text css_animation=&#8221;fadeInUp&#8221; css=&#8221;.vc_custom_1593063244599{margin-top: -40px !important;}&#8221;]<strong>Otomatik Aktivasyon Mailleri<br \/>\n<\/strong>Web sitenize yap\u0131lacak olan ba\u015fvurularda otomatik olarak iletilecek bir ho\u015f geldin maili olu\u015fturabilirsiniz[\/vc_column_text][\/vc_column][vc_column width=&#8221;1\/4&#8243;][vc_icon icon_fontawesome=&#8221;fa fa-share&#8221; color=&#8221;violet&#8221; css_animation=&#8221;fadeInLeft&#8221; css=&#8221;.vc_custom_1593063177728{margin-left: -15px !important;}&#8221;][vc_column_text css_animation=&#8221;fadeInUp&#8221; css=&#8221;.vc_custom_1593063251383{margin-top: -40px !important;}&#8221;]<strong>Tetikleme Mailleri<br \/>\n<\/strong>Kampanya analiz ve sonu\u00e7lar\u0131na g\u00f6re zamanl\u0131 mailler olu\u015fturabilirsiniz.[\/vc_column_text][\/vc_column][\/vc_row][vc_row][vc_column width=&#8221;1\/4&#8243;][vc_icon icon_fontawesome=&#8221;fa fa-calendar&#8221; color=&#8221;violet&#8221; css_animation=&#8221;fadeInLeft&#8221; css=&#8221;.vc_custom_1593063301657{margin-left: -15px !important;}&#8221;][vc_column_text css_animation=&#8221;fadeInUp&#8221; css=&#8221;.vc_custom_1593063289647{margin-top: -40px !important;}&#8221;]<strong>G\u00f6nderim Zaman\u0131n\u0131n Belirlenmesi<br \/>\n<\/strong>E-Posta kampanyalar\u0131n\u0131z\u0131n ba\u015flang\u0131\u00e7 zaman\u0131 ile kampanya g\u00f6nderiminin sonlanaca\u011f\u0131 zaman\u0131 belirleyebilirsiniz.[\/vc_column_text][\/vc_column][vc_column width=&#8221;1\/4&#8243;][vc_icon icon_fontawesome=&#8221;fa fa-folder-open-o&#8221; color=&#8221;violet&#8221; css_animation=&#8221;fadeInLeft&#8221; css=&#8221;.vc_custom_1593063328953{margin-left: -15px !important;}&#8221;][vc_column_text css_animation=&#8221;fadeInUp&#8221; css=&#8221;.vc_custom_1593063313631{margin-top: -40px !important;}&#8221;]<strong>Kampanya K\u00fct\u00fcphanesi<br \/>\n<\/strong>Haz\u0131rlad\u0131\u011f\u0131n\u0131z ve g\u00f6nderdi\u011finiz E-Posta kampanyalar\u0131n\u0131z daha sonra kullanman\u0131z veya \u00fczerinde de\u011fi\u015fiklik yapabilmeniz i\u00e7in saklan\u0131r.[\/vc_column_text][\/vc_column][vc_column width=&#8221;1\/4&#8243;][vc_icon icon_fontawesome=&#8221;fa fa-user&#8221; color=&#8221;violet&#8221; css_animation=&#8221;fadeInLeft&#8221; css=&#8221;.vc_custom_1593063355336{margin-left: -15px !important;}&#8221;][vc_column_text css_animation=&#8221;fadeInUp&#8221; css=&#8221;.vc_custom_1593063347016{margin-top: -40px !important;}&#8221;]<strong>Ki\u015fiye \u00d6zel \u0130\u00e7erikler<br \/>\n<\/strong>Haz\u0131rlad\u0131\u011f\u0131n\u0131z E-Postalarda mail i\u00e7eri\u011fini veritaban\u0131n\u0131zda kay\u0131tl\u0131 olan bilgileri kullanarak ki\u015fiye g\u00f6re \u00f6zelle\u015ftirebilirsiniz.[\/vc_column_text][\/vc_column][vc_column width=&#8221;1\/4&#8243;][vc_icon icon_fontawesome=&#8221;fa fa-header&#8221; color=&#8221;violet&#8221; css_animation=&#8221;fadeInLeft&#8221; css=&#8221;.vc_custom_1593063403752{margin-left: -15px !important;}&#8221;][vc_column_text css_animation=&#8221;fadeInUp&#8221; css=&#8221;.vc_custom_1593063370767{margin-top: -40px !important;}&#8221;]<strong>Ki\u015fiye \u00d6zel Konu Ba\u015fl\u0131\u011f\u0131 Se\u00e7imi<br \/>\n<\/strong>G\u00f6nderdi\u011finiz maillerin konu ba\u015fl\u0131\u011f\u0131 veritaban\u0131n\u0131zda kay\u0131tl\u0131 olan bilgileri kullanarak ki\u015fiye g\u00f6re \u00f6zelle\u015ftirebilirsiniz.[\/vc_column_text][\/vc_column][\/vc_row][vc_row][vc_column width=&#8221;1\/4&#8243;][vc_icon icon_fontawesome=&#8221;fa fa-share-square&#8221; color=&#8221;violet&#8221; css_animation=&#8221;fadeInLeft&#8221; css=&#8221;.vc_custom_1593063479112{margin-left: -15px !important;}&#8221;][vc_column_text css_animation=&#8221;fadeInUp&#8221; css=&#8221;.vc_custom_1593063460055{margin-top: -40px !important;}&#8221;]<strong>Sosyal A\u011flarda Payla\u015f\u0131m<br \/>\n<\/strong>G\u00f6nderdi\u011finiz maillerin sosyal a\u011flarda kolayca payla\u015f\u0131labilmesi i\u00e7in mail i\u00e7eri\u011fine sosyal medya payla\u015f\u0131m ikonlar\u0131 ekleyebilir ve sosyal medya payla\u015f\u0131mlar\u0131n\u0131n raporunu takip edebilirsiniz.[\/vc_column_text][\/vc_column][vc_column width=&#8221;1\/4&#8243;][vc_icon icon_fontawesome=&#8221;fa fa-ban&#8221; color=&#8221;violet&#8221; css_animation=&#8221;fadeInLeft&#8221; css=&#8221;.vc_custom_1593063509999{margin-left: -15px !important;}&#8221;][vc_column_text css_animation=&#8221;fadeInUp&#8221; css=&#8221;.vc_custom_1593063494567{margin-top: -40px !important;}&#8221;]<strong>Kolay \u00dcyelik \u0130ptali<br \/>\n<\/strong>Sizden gelen E-Postalar\u0131 art\u0131k almak istemeyen ki\u015filerin kolayca \u00fcyelikten ayr\u0131lmalar\u0131na olanak sa\u011flayarak olu\u015fabilecek \u015fikayetleri \u00f6nceden \u00f6nleyebilirsiniz.[\/vc_column_text][\/vc_column][vc_column width=&#8221;1\/4&#8243;][vc_icon icon_fontawesome=&#8221;fa fa-search&#8221; color=&#8221;violet&#8221; css_animation=&#8221;fadeInLeft&#8221; css=&#8221;.vc_custom_1593063565623{margin-left: -15px !important;}&#8221;][vc_column_text css_animation=&#8221;fadeInUp&#8221; css=&#8221;.vc_custom_1593063522558{margin-top: -40px !important;}&#8221;]<strong>Spam Puan\u0131 Analizi<br \/>\n<\/strong>Tasar\u0131mlar\u0131n\u0131z\u0131 g\u00f6ndermeden \u00f6nce SPAM skor analizi yaparak iletilerinizin \u00d6nemsiz E-posta kutusuna d\u00fc\u015fmesini engelleyebilirsiniz.[\/vc_column_text][\/vc_column][vc_column width=&#8221;1\/4&#8243;][vc_icon icon_fontawesome=&#8221;fa fa-globe&#8221; color=&#8221;violet&#8221; css_animation=&#8221;fadeInLeft&#8221; css=&#8221;.vc_custom_1593063603168{margin-left: -15px !important;}&#8221;][vc_column_text css_animation=&#8221;fadeInUp&#8221; css=&#8221;.vc_custom_1593063584695{margin-top: -40px !important;}&#8221;]<strong>Web Data \u00d6zelli\u011fi<br \/>\n<\/strong>Web sitenize ekleyece\u011finiz F\u0131rsatlar\u0131m\u0131zdan Yararlan\u0131n Butonu ile izinli veritaban\u0131n\u0131z\u0131 olu\u015fturabilirsiniz.[\/vc_column_text][\/vc_column][\/vc_row][vc_row][vc_column width=&#8221;1\/4&#8243;][vc_icon icon_fontawesome=&#8221;fa fa-bars&#8221; color=&#8221;violet&#8221; css_animation=&#8221;fadeInLeft&#8221; css=&#8221;.vc_custom_1593063659568{margin-left: -15px !important;}&#8221;][vc_column_text css_animation=&#8221;fadeInUp&#8221; css=&#8221;.vc_custom_1593063633782{margin-top: -40px !important;}&#8221;]<strong>Dinamik \u0130\u00e7erik<br \/>\n<\/strong>Maillerinize dinamik i\u00e7erikler ekleyerek kampanyalar\u0131nz\u0131 daha dikkat \u00e7ekici hale getirebilirsiniz.[\/vc_column_text][\/vc_column][vc_column width=&#8221;1\/4&#8243;][vc_icon icon_fontawesome=&#8221;fa fa-paper-plane&#8221; color=&#8221;violet&#8221; css_animation=&#8221;fadeInLeft&#8221; css=&#8221;.vc_custom_1593063682960{margin-left: -15px !important;}&#8221;][vc_column_text css_animation=&#8221;fadeInUp&#8221; css=&#8221;.vc_custom_1593063672534{margin-top: -40px !important;}&#8221;]<strong>Ekli Dosya G\u00f6nderimi<br \/>\n<\/strong>Haz\u0131rlad\u0131\u011f\u0131n\u0131z E-postalar\u0131n\u0131zda ekli dosya g\u00f6nderebilirsiniz.[\/vc_column_text][\/vc_column][vc_column width=&#8221;1\/4&#8243;][vc_icon icon_fontawesome=&#8221;fa fa-pie-chart&#8221; color=&#8221;violet&#8221; css_animation=&#8221;fadeInLeft&#8221; css=&#8221;.vc_custom_1593063707018{margin-left: -15px !important;}&#8221;][vc_column_text css_animation=&#8221;fadeInUp&#8221; css=&#8221;.vc_custom_1593063699424{margin-top: -40px !important;}&#8221;]<strong>Kampanya Raporlama<br \/>\n<\/strong>E-Posta kampanyalar\u0131n\u0131z\u0131 detayl\u0131 olarak raporlayabilirsiniz.[\/vc_column_text][\/vc_column][vc_column width=&#8221;1\/4&#8243;][vc_icon icon_fontawesome=&#8221;fa fa-table&#8221; color=&#8221;violet&#8221; css_animation=&#8221;fadeInLeft&#8221; css=&#8221;.vc_custom_1593063742098{margin-left: -15px !important;}&#8221;][vc_column_text css_animation=&#8221;fadeInUp&#8221; css=&#8221;.vc_custom_1593063721049{margin-top: -40px !important;}&#8221;]<strong>Tarih Aral\u0131\u011f\u0131na G\u00f6re Raporlama<br \/>\n<\/strong>Kampanya raporlar\u0131n\u0131z\u0131 belirtti\u011finiz tarih aral\u0131\u011f\u0131na g\u00f6re alabilir, k\u0131yaslama yapabilirsiniz.[\/vc_column_text][\/vc_column][\/vc_row][vc_row][vc_column width=&#8221;1\/4&#8243;][vc_icon icon_fontawesome=&#8221;fa fa-bar-chart&#8221; color=&#8221;violet&#8221; css_animation=&#8221;fadeInLeft&#8221; css=&#8221;.vc_custom_1593063853851{margin-left: -15px !important;}&#8221;][vc_column_text css_animation=&#8221;fadeInUp&#8221; css=&#8221;.vc_custom_1593063845066{margin-top: -40px !important;}&#8221;]<strong>API G\u00f6nderimlerini Raporlama<br \/>\n<\/strong>Hem API hem de Web \u00fczerinden yap\u0131lan g\u00f6nderimlerinizi, JetMail ekran\u0131ndan takip edebilir, raporlayabilirsiniz.[\/vc_column_text][\/vc_column][vc_column width=&#8221;1\/4&#8243;][vc_icon icon_fontawesome=&#8221;fa fa-bell&#8221; color=&#8221;violet&#8221; css_animation=&#8221;fadeInLeft&#8221; css=&#8221;.vc_custom_1593063874168{margin-left: -15px !important;}&#8221;][vc_column_text css_animation=&#8221;fadeInUp&#8221; css=&#8221;.vc_custom_1593063884134{margin-top: -40px !important;}&#8221;]<strong>Kredi Hat\u0131rlatma<br \/>\n<\/strong>Mail g\u00f6nderim krediniz azald\u0131\u011f\u0131nda ya da bitti\u011finde otomatik bilgilendirme maili g\u00f6nderilir. B\u00f6ylece kampanya g\u00f6nderimleriniz yar\u0131m kalmaz.[\/vc_column_text][\/vc_column][vc_column width=&#8221;1\/4&#8243;][vc_icon icon_fontawesome=&#8221;fa fa-tasks&#8221; color=&#8221;violet&#8221; css_animation=&#8221;fadeInLeft&#8221; css=&#8221;.vc_custom_1593063918233{margin-left: -15px !important;}&#8221;][vc_column_text css_animation=&#8221;fadeInUp&#8221; css=&#8221;.vc_custom_1593063937008{margin-top: -40px !important;}&#8221;]<strong>Back-up \u00d6zelli\u011fi<br \/>\n<\/strong>JetMail ile 5 g\u00fcn \u00f6ncesine kadar geriye d\u00f6nerek back-up alabilirsiniz.[\/vc_column_text][\/vc_column][vc_column width=&#8221;1\/4&#8243;][vc_icon icon_fontawesome=&#8221;fa fa-thumbs-up&#8221; color=&#8221;violet&#8221; css_animation=&#8221;fadeInLeft&#8221; css=&#8221;.vc_custom_1593064022478{margin-left: -15px !important;}&#8221;][vc_column_text css_animation=&#8221;fadeInUp&#8221; css=&#8221;.vc_custom_1593064030979{margin-top: -40px !important;}&#8221;]<strong>Outlook \u00dczerinden Toplu G\u00f6nderim<br \/>\n<\/strong>Toplu mail g\u00f6nderimlerinizi, rehberinizi mail platformuna aktarmaya gerek olmadan, kurumunuza ait outlook mail sunucunuzdan rahatl\u0131kla g\u00f6nderebilir, size \u00f6zel ara y\u00fczlerden detayl\u0131 raporlar\u0131n\u0131za ula\u015fabilirsiniz.[\/vc_column_text][\/vc_column][\/vc_row][vc_row][vc_column width=&#8221;1\/4&#8243;][\/vc_column][vc_column width=&#8221;1\/2&#8243;][vc_icon icon_fontawesome=&#8221;fa fa-clock-o&#8221; color=&#8221;violet&#8221; align=&#8221;center&#8221; css_animation=&#8221;fadeInLeft&#8221; css=&#8221;.vc_custom_1602858245548{margin-left: -15px !important;}&#8221;][vc_column_text css_animation=&#8221;fadeInUp&#8221; css=&#8221;.vc_custom_1602858250896{margin-top: -40px !important;}&#8221;]<\/p>\n<p style=\"text-align: center;\"><strong>Periyodik G\u00f6nderim<br \/>\n<\/strong>Periyodik g\u00f6nderim \u00f6zelli\u011fi ile listenizdeki ki\u015filere, d\u00fczenli aral\u0131klarla istedi\u011finiz tarih ve saatte otomatik mail g\u00f6nderebilirsiniz.<\/p>\n<p>[\/vc_column_text][\/vc_column][vc_column width=&#8221;1\/4&#8243;][\/vc_column][\/vc_row][vc_row][vc_column][vc_column_text css_animation=&#8221;fadeInUp&#8221;]<\/p>\n<p align=\"center\"><a href=\"\/index.php\/iletisim\"><img loading=\"lazy\" decoding=\"async\" src=\"http:\/\/www.jetmail.com.tr\/wp-content\/uploads\/2020\/06\/detayli_bilgi.jpg\" alt=\"\u00dcyelik\" width=\"692\" height=\"112\" \/><\/a><\/p>\n<p>[\/vc_column_text][\/vc_column][\/vc_row]<\/p>\n","protected":false},"excerpt":{"rendered":"<p>[vc_row][vc_column][rev_slider_vc alias=&#8221;ozellikler&#8221;][\/vc_column][\/vc_row][vc_row][vc_column][vc_column_text css_animation=&#8221;fadeInUp&#8221;] \u00a0\u0130htiya\u00e7 odakl\u0131 \u00e7\u00f6z\u00fcmleri ile JetMail hedef kitlenize en etkili \u015fekilde ula\u015fman\u0131z\u0131 sa\u011flarken \u00f6l\u00e7\u00fclebilir sonu\u00e7lar\u0131 ile de kampanyan\u0131za y\u00f6n veriyor. [\/vc_column_text][\/vc_column][\/vc_row][vc_row][vc_column width=&#8221;1\/4&#8243;][vc_icon icon_fontawesome=&#8221;fa fa-external-link-square&#8221; color=&#8221;violet&#8221; css_animation=&#8221;fadeInLeft&#8221; css=&#8221;.vc_custom_1593010120020{margin-left: -15px !important;}&#8221;][vc_column_text css_animation=&#8221;fadeInUp&#8221; css=&#8221;.vc_custom_1593063205561{margin-top: -40px !important;}&#8221;]Link T\u0131klanma Takibi E-Posta kampanyan\u0131z\u0131n i\u00e7ine ekledi\u011finiz bir linke ka\u00e7 ki\u015finin t\u0131klad\u0131\u011f\u0131n\u0131 ve ki\u015filerin mail adreslerini, hem Web hem de API [&hellip;]<\/p>\n","protected":false},"author":1,"featured_media":0,"parent":0,"menu_order":0,"comment_status":"closed","ping_status":"closed","template":"","meta":{"footnotes":""},"class_list":["post-2401","page","type-page","status-publish","hentry"],"yoast_head":"<!-- This site is optimized with the Yoast SEO plugin v27.3 - https:\/\/yoast.com\/product\/yoast-seo-wordpress\/ -->\n<title>JetMail - \u00d6zellikler<\/title>\n<meta name=\"description\" content=\"En etkin ve h\u0131zl\u0131 \u015fekilde e-posta pazarlama yapabilmeniz i\u00e7in, her ihtiyaca y\u00f6nelik geli\u015fmi\u015f mod\u00fcller ile toplu mail g\u00f6nderin.\" \/>\n<meta name=\"robots\" content=\"index, follow, max-snippet:-1, max-image-preview:large, max-video-preview:-1\" \/>\n<link rel=\"canonical\" href=\"https:\/\/www.jetmail.com.tr\/index.php\/toplu-mail-ozellikler\/\" \/>\n<meta property=\"og:locale\" content=\"tr_TR\" \/>\n<meta property=\"og:type\" content=\"article\" \/>\n<meta property=\"og:title\" content=\"JetMail - \u00d6zellikler\" \/>\n<meta property=\"og:description\" content=\"En etkin ve h\u0131zl\u0131 \u015fekilde e-posta pazarlama yapabilmeniz i\u00e7in, her ihtiyaca y\u00f6nelik geli\u015fmi\u015f mod\u00fcller ile toplu mail g\u00f6nderin.\" \/>\n<meta property=\"og:url\" content=\"https:\/\/www.jetmail.com.tr\/index.php\/toplu-mail-ozellikler\/\" \/>\n<meta property=\"og:site_name\" content=\"JetMail\" \/>\n<meta property=\"article:publisher\" content=\"https:\/\/www.facebook.com\/biotekno\" \/>\n<meta property=\"article:modified_time\" content=\"2022-10-27T08:16:12+00:00\" \/>\n<meta property=\"og:image\" content=\"http:\/\/www.jetmail.com.tr\/wp-content\/uploads\/2020\/06\/detayli_bilgi.jpg\" \/>\n<meta name=\"twitter:card\" content=\"summary_large_image\" \/>\n<meta name=\"twitter:site\" content=\"@BioteknoBiz\" \/>\n<meta name=\"twitter:label1\" content=\"Tahmini okuma s\u00fcresi\" \/>\n\t<meta name=\"twitter:data1\" content=\"8 dakika\" \/>\n<script type=\"application\/ld+json\" class=\"yoast-schema-graph\">{\"@context\":\"https:\\\/\\\/schema.org\",\"@graph\":[{\"@type\":\"WebPage\",\"@id\":\"https:\\\/\\\/www.jetmail.com.tr\\\/index.php\\\/toplu-mail-ozellikler\\\/\",\"url\":\"https:\\\/\\\/www.jetmail.com.tr\\\/index.php\\\/toplu-mail-ozellikler\\\/\",\"name\":\"JetMail - \u00d6zellikler\",\"isPartOf\":{\"@id\":\"https:\\\/\\\/www.jetmail.com.tr\\\/#website\"},\"primaryImageOfPage\":{\"@id\":\"https:\\\/\\\/www.jetmail.com.tr\\\/index.php\\\/toplu-mail-ozellikler\\\/#primaryimage\"},\"image\":{\"@id\":\"https:\\\/\\\/www.jetmail.com.tr\\\/index.php\\\/toplu-mail-ozellikler\\\/#primaryimage\"},\"thumbnailUrl\":\"http:\\\/\\\/www.jetmail.com.tr\\\/wp-content\\\/uploads\\\/2020\\\/06\\\/detayli_bilgi.jpg\",\"datePublished\":\"2014-11-26T12:36:05+00:00\",\"dateModified\":\"2022-10-27T08:16:12+00:00\",\"description\":\"En etkin ve h\u0131zl\u0131 \u015fekilde e-posta pazarlama yapabilmeniz i\u00e7in, her ihtiyaca y\u00f6nelik geli\u015fmi\u015f mod\u00fcller ile toplu mail g\u00f6nderin.\",\"breadcrumb\":{\"@id\":\"https:\\\/\\\/www.jetmail.com.tr\\\/index.php\\\/toplu-mail-ozellikler\\\/#breadcrumb\"},\"inLanguage\":\"tr\",\"potentialAction\":[{\"@type\":\"ReadAction\",\"target\":[\"https:\\\/\\\/www.jetmail.com.tr\\\/index.php\\\/toplu-mail-ozellikler\\\/\"]}]},{\"@type\":\"ImageObject\",\"inLanguage\":\"tr\",\"@id\":\"https:\\\/\\\/www.jetmail.com.tr\\\/index.php\\\/toplu-mail-ozellikler\\\/#primaryimage\",\"url\":\"http:\\\/\\\/www.jetmail.com.tr\\\/wp-content\\\/uploads\\\/2020\\\/06\\\/detayli_bilgi.jpg\",\"contentUrl\":\"http:\\\/\\\/www.jetmail.com.tr\\\/wp-content\\\/uploads\\\/2020\\\/06\\\/detayli_bilgi.jpg\"},{\"@type\":\"BreadcrumbList\",\"@id\":\"https:\\\/\\\/www.jetmail.com.tr\\\/index.php\\\/toplu-mail-ozellikler\\\/#breadcrumb\",\"itemListElement\":[{\"@type\":\"ListItem\",\"position\":1,\"name\":\"Ana sayfa\",\"item\":\"https:\\\/\\\/www.jetmail.com.tr\\\/\"},{\"@type\":\"ListItem\",\"position\":2,\"name\":\"JetMail &#8211; \u00d6zellikler\"}]},{\"@type\":\"WebSite\",\"@id\":\"https:\\\/\\\/www.jetmail.com.tr\\\/#website\",\"url\":\"https:\\\/\\\/www.jetmail.com.tr\\\/\",\"name\":\"JetMail\",\"description\":\"Toplu Mail ile Pazarlama Platformu - Mail G\u00f6ndermenin En Kolay Yolu\",\"potentialAction\":[{\"@type\":\"SearchAction\",\"target\":{\"@type\":\"EntryPoint\",\"urlTemplate\":\"https:\\\/\\\/www.jetmail.com.tr\\\/?s={search_term_string}\"},\"query-input\":{\"@type\":\"PropertyValueSpecification\",\"valueRequired\":true,\"valueName\":\"search_term_string\"}}],\"inLanguage\":\"tr\"}]}<\/script>\n<!-- \/ Yoast SEO plugin. -->","yoast_head_json":{"title":"JetMail - \u00d6zellikler","description":"En etkin ve h\u0131zl\u0131 \u015fekilde e-posta pazarlama yapabilmeniz i\u00e7in, her ihtiyaca y\u00f6nelik geli\u015fmi\u015f mod\u00fcller ile toplu mail g\u00f6nderin.","robots":{"index":"index","follow":"follow","max-snippet":"max-snippet:-1","max-image-preview":"max-image-preview:large","max-video-preview":"max-video-preview:-1"},"canonical":"https:\/\/www.jetmail.com.tr\/index.php\/toplu-mail-ozellikler\/","og_locale":"tr_TR","og_type":"article","og_title":"JetMail - \u00d6zellikler","og_description":"En etkin ve h\u0131zl\u0131 \u015fekilde e-posta pazarlama yapabilmeniz i\u00e7in, her ihtiyaca y\u00f6nelik geli\u015fmi\u015f mod\u00fcller ile toplu mail g\u00f6nderin.","og_url":"https:\/\/www.jetmail.com.tr\/index.php\/toplu-mail-ozellikler\/","og_site_name":"JetMail","article_publisher":"https:\/\/www.facebook.com\/biotekno","article_modified_time":"2022-10-27T08:16:12+00:00","og_image":[{"url":"http:\/\/www.jetmail.com.tr\/wp-content\/uploads\/2020\/06\/detayli_bilgi.jpg","type":"","width":"","height":""}],"twitter_card":"summary_large_image","twitter_site":"@BioteknoBiz","twitter_misc":{"Tahmini okuma s\u00fcresi":"8 dakika"},"schema":{"@context":"https:\/\/schema.org","@graph":[{"@type":"WebPage","@id":"https:\/\/www.jetmail.com.tr\/index.php\/toplu-mail-ozellikler\/","url":"https:\/\/www.jetmail.com.tr\/index.php\/toplu-mail-ozellikler\/","name":"JetMail - \u00d6zellikler","isPartOf":{"@id":"https:\/\/www.jetmail.com.tr\/#website"},"primaryImageOfPage":{"@id":"https:\/\/www.jetmail.com.tr\/index.php\/toplu-mail-ozellikler\/#primaryimage"},"image":{"@id":"https:\/\/www.jetmail.com.tr\/index.php\/toplu-mail-ozellikler\/#primaryimage"},"thumbnailUrl":"http:\/\/www.jetmail.com.tr\/wp-content\/uploads\/2020\/06\/detayli_bilgi.jpg","datePublished":"2014-11-26T12:36:05+00:00","dateModified":"2022-10-27T08:16:12+00:00","description":"En etkin ve h\u0131zl\u0131 \u015fekilde e-posta pazarlama yapabilmeniz i\u00e7in, her ihtiyaca y\u00f6nelik geli\u015fmi\u015f mod\u00fcller ile toplu mail g\u00f6nderin.","breadcrumb":{"@id":"https:\/\/www.jetmail.com.tr\/index.php\/toplu-mail-ozellikler\/#breadcrumb"},"inLanguage":"tr","potentialAction":[{"@type":"ReadAction","target":["https:\/\/www.jetmail.com.tr\/index.php\/toplu-mail-ozellikler\/"]}]},{"@type":"ImageObject","inLanguage":"tr","@id":"https:\/\/www.jetmail.com.tr\/index.php\/toplu-mail-ozellikler\/#primaryimage","url":"http:\/\/www.jetmail.com.tr\/wp-content\/uploads\/2020\/06\/detayli_bilgi.jpg","contentUrl":"http:\/\/www.jetmail.com.tr\/wp-content\/uploads\/2020\/06\/detayli_bilgi.jpg"},{"@type":"BreadcrumbList","@id":"https:\/\/www.jetmail.com.tr\/index.php\/toplu-mail-ozellikler\/#breadcrumb","itemListElement":[{"@type":"ListItem","position":1,"name":"Ana sayfa","item":"https:\/\/www.jetmail.com.tr\/"},{"@type":"ListItem","position":2,"name":"JetMail &#8211; \u00d6zellikler"}]},{"@type":"WebSite","@id":"https:\/\/www.jetmail.com.tr\/#website","url":"https:\/\/www.jetmail.com.tr\/","name":"JetMail","description":"Toplu Mail ile Pazarlama Platformu - Mail G\u00f6ndermenin En Kolay Yolu","potentialAction":[{"@type":"SearchAction","target":{"@type":"EntryPoint","urlTemplate":"https:\/\/www.jetmail.com.tr\/?s={search_term_string}"},"query-input":{"@type":"PropertyValueSpecification","valueRequired":true,"valueName":"search_term_string"}}],"inLanguage":"tr"}]}},"_links":{"self":[{"href":"https:\/\/www.jetmail.com.tr\/index.php\/wp-json\/wp\/v2\/pages\/2401","targetHints":{"allow":["GET"]}}],"collection":[{"href":"https:\/\/www.jetmail.com.tr\/index.php\/wp-json\/wp\/v2\/pages"}],"about":[{"href":"https:\/\/www.jetmail.com.tr\/index.php\/wp-json\/wp\/v2\/types\/page"}],"author":[{"embeddable":true,"href":"https:\/\/www.jetmail.com.tr\/index.php\/wp-json\/wp\/v2\/users\/1"}],"replies":[{"embeddable":true,"href":"https:\/\/www.jetmail.com.tr\/index.php\/wp-json\/wp\/v2\/comments?post=2401"}],"version-history":[{"count":48,"href":"https:\/\/www.jetmail.com.tr\/index.php\/wp-json\/wp\/v2\/pages\/2401\/revisions"}],"predecessor-version":[{"id":3233,"href":"https:\/\/www.jetmail.com.tr\/index.php\/wp-json\/wp\/v2\/pages\/2401\/revisions\/3233"}],"wp:attachment":[{"href":"https:\/\/www.jetmail.com.tr\/index.php\/wp-json\/wp\/v2\/media?parent=2401"}],"curies":[{"name":"wp","href":"https:\/\/api.w.org\/{rel}","templated":true}]}}